{"id":409,"date":"2024-03-14T02:35:02","date_gmt":"2024-03-14T05:35:02","guid":{"rendered":"https:\/\/inovatecdf.com.br\/?page_id=409"},"modified":"2024-10-23T09:19:30","modified_gmt":"2024-10-23T12:19:30","slug":"a-feira","status":"publish","type":"page","link":"https:\/\/inovatecdf.com.br\/index.php\/a-feira\/","title":{"rendered":"A feira"},"content":{"rendered":"\t\t<div data-elementor-type=\"wp-page\" data-elementor-id=\"409\" class=\"elementor elementor-409\" data-elementor-post-type=\"page\">\n\t\t\t\t<div data-particle_enable=\"false\" data-particle-mobile-disabled=\"false\" class=\"elementor-element elementor-element-795718c e-flex e-con-boxed e-con e-parent\" data-id=\"795718c\" data-element_type=\"container\" data-settings=\"{&quot;background_background&quot;:&quot;classic&quot;}\" data-core-v316-plus=\"true\">\n\t\t\t\t\t<div class=\"e-con-inner\">\n\t\t\t\t<div class=\"elementor-element elementor-element-ed84d65 elementor-widget elementor-widget-heading\" data-id=\"ed84d65\" data-element_type=\"widget\" data-widget_type=\"heading.default\">\n\t\t\t\t<div class=\"elementor-widget-container\">\n\t\t\t<style>\/*! elementor - v3.20.0 - 11-03-2024 *\/\n.elementor-heading-title{padding:0;margin:0;line-height:1}.elementor-widget-heading .elementor-heading-title[class*=elementor-size-]>a{color:inherit;font-size:inherit;line-height:inherit}.elementor-widget-heading .elementor-heading-title.elementor-size-small{font-size:15px}.elementor-widget-heading .elementor-heading-title.elementor-size-medium{font-size:19px}.elementor-widget-heading .elementor-heading-title.elementor-size-large{font-size:29px}.elementor-widget-heading .elementor-heading-title.elementor-size-xl{font-size:39px}.elementor-widget-heading .elementor-heading-title.elementor-size-xxl{font-size:59px}<\/style><h2 class=\"elementor-heading-title elementor-size-default\">A Feira<\/h2>\t\t<\/div>\n\t\t\t\t<\/div>\n\t\t\t\t\t<\/div>\n\t\t\t\t<\/div>\n\t\t<div data-particle_enable=\"false\" data-particle-mobile-disabled=\"false\" class=\"elementor-element elementor-element-d1d5fd4 e-flex e-con-boxed e-con e-parent\" data-id=\"d1d5fd4\" data-element_type=\"container\" data-core-v316-plus=\"true\">\n\t\t\t\t\t<div class=\"e-con-inner\">\n\t\t<div data-particle_enable=\"false\" data-particle-mobile-disabled=\"false\" class=\"elementor-element elementor-element-472fcb5 e-flex e-con-boxed e-con e-child\" data-id=\"472fcb5\" data-element_type=\"container\">\n\t\t\t\t\t<div class=\"e-con-inner\">\n\t\t<div data-particle_enable=\"false\" data-particle-mobile-disabled=\"false\" class=\"elementor-element elementor-element-8cf5af6 elementor-hidden-tablet elementor-hidden-mobile e-flex e-con-boxed e-con e-child\" data-id=\"8cf5af6\" data-element_type=\"container\" data-settings=\"{&quot;background_background&quot;:&quot;video&quot;,&quot;background_video_link&quot;:&quot;https:\\\/\\\/www.youtube.com\\\/watch?v=Q2I971iu8Uo&amp;ab_channel=EmmanuelFos&quot;}\">\n\t\t\t\t\t<div class=\"e-con-inner\">\n\t\t<div class=\"elementor-background-video-container elementor-hidden-phone\">\n\t\t\t\t\t\t\t<div class=\"elementor-background-video-embed\"><\/div>\n\t\t\t\t\t\t<\/div>\t\t\t<\/div>\n\t\t\t\t<\/div>\n\t\t<div data-particle_enable=\"false\" data-particle-mobile-disabled=\"false\" class=\"elementor-element elementor-element-04528f4 e-flex e-con-boxed e-con e-child\" data-id=\"04528f4\" data-element_type=\"container\">\n\t\t\t\t\t<div class=\"e-con-inner\">\n\t\t\t\t<div class=\"elementor-element elementor-element-5ef6b51 elementor-widget elementor-widget-heading\" data-id=\"5ef6b51\" data-element_type=\"widget\" data-widget_type=\"heading.default\">\n\t\t\t\t<div class=\"elementor-widget-container\">\n\t\t\t<h2 class=\"elementor-heading-title elementor-size-default\">III FEIRA DE INOVA\u00c7\u00c3O TECNOL\u00d3GICA DO DISTRITO FEDERAL E VILA TECH BRAS\u00cdLIA<\/h2>\t\t<\/div>\n\t\t\t\t<\/div>\n\t\t\t\t<div class=\"elementor-element elementor-element-ce02fc6 elementor-widget elementor-widget-text-editor\" data-id=\"ce02fc6\" data-element_type=\"widget\" data-widget_type=\"text-editor.default\">\n\t\t\t\t<div class=\"elementor-widget-container\">\n\t\t\t<style>\/*! elementor - v3.20.0 - 11-03-2024 *\/\n.elementor-widget-text-editor.elementor-drop-cap-view-stacked .elementor-drop-cap{background-color:#69727d;color:#fff}.elementor-widget-text-editor.elementor-drop-cap-view-framed .elementor-drop-cap{color:#69727d;border:3px solid;background-color:transparent}.elementor-widget-text-editor:not(.elementor-drop-cap-view-default) .elementor-drop-cap{margin-top:8px}.elementor-widget-text-editor:not(.elementor-drop-cap-view-default) .elementor-drop-cap-letter{width:1em;height:1em}.elementor-widget-text-editor .elementor-drop-cap{float:left;text-align:center;line-height:1;font-size:50px}.elementor-widget-text-editor .elementor-drop-cap-letter{display:inline-block}<\/style>\t\t\t\t<p><span style=\"font-weight: 400;\">S\u00e3o espa\u00e7os junto ao INOVATEC de exposi\u00e7\u00e3o de tecnologias, produtos, servi\u00e7os e neg\u00f3cios em diversas \u00e1reas da sa\u00fade e \u00e1reas transversais, com estandes de empresas e institui\u00e7\u00f5es de ensino e pesquisa, organiza\u00e7\u00f5es sociais, p\u00fablicas e privadas. Ser\u00e1 realizada na Ala Oeste do Ulysses Centro de Conven\u00e7\u00f5es.<\/span><\/p>\t\t\t\t\t\t<\/div>\n\t\t\t\t<\/div>\n\t\t\t\t\t<\/div>\n\t\t\t\t<\/div>\n\t\t\t\t\t<\/div>\n\t\t\t\t<\/div>\n\t\t<div data-particle_enable=\"false\" data-particle-mobile-disabled=\"false\" class=\"elementor-element elementor-element-c69517b e-flex e-con-boxed e-con e-child\" data-id=\"c69517b\" data-element_type=\"container\">\n\t\t\t\t\t<div class=\"e-con-inner\">\n\t\t<div data-particle_enable=\"false\" data-particle-mobile-disabled=\"false\" class=\"elementor-element elementor-element-a924a8f e-flex e-con-boxed e-con e-child\" data-id=\"a924a8f\" data-element_type=\"container\">\n\t\t\t\t\t<div class=\"e-con-inner\">\n\t\t\t\t<div class=\"elementor-element elementor-element-e9c1abf elementor-widget elementor-widget-heading\" data-id=\"e9c1abf\" data-element_type=\"widget\" data-widget_type=\"heading.default\">\n\t\t\t\t<div class=\"elementor-widget-container\">\n\t\t\t<h2 class=\"elementor-heading-title elementor-size-default\">VILA TECH BRAS\u00cdLIA\n<\/h2>\t\t<\/div>\n\t\t\t\t<\/div>\n\t\t\t\t<div class=\"elementor-element elementor-element-87644f8 elementor-widget elementor-widget-text-editor\" data-id=\"87644f8\" data-element_type=\"widget\" data-widget_type=\"text-editor.default\">\n\t\t\t\t<div class=\"elementor-widget-container\">\n\t\t\t\t\t\t\t<p><span style=\"font-weight: 400;\">A Vila Tech Bras\u00edlia \u00e9 uma \u00e1rea vibrante de inova\u00e7\u00e3o dentro do INOVATEC, reunindo empresas, startups e institui\u00e7\u00f5es de diversos setores. No <\/span><b>Espa\u00e7o IntegraTech <\/b><span style=\"font-weight: 400;\">e<\/span><b> Espa\u00e7o Synergy<\/b><span style=\"font-weight: 400;\"> cont\u00e9m estandes de v\u00e1rias \u00e1reas que promovem intera\u00e7\u00e3o e troca de conhecimentos, facilitando a integra\u00e7\u00e3o entre diferentes segmentos. J\u00e1 o <\/span><b>III Health Tech Day<\/b><span style=\"font-weight: 400;\"> oferece palestras curtas de empreendedores criando oportunidades de neg\u00f3cios e networking.<\/span><\/p>\t\t\t\t\t\t<\/div>\n\t\t\t\t<\/div>\n\t\t\t\t\t<\/div>\n\t\t\t\t<\/div>\n\t\t<div data-particle_enable=\"false\" data-particle-mobile-disabled=\"false\" class=\"elementor-element elementor-element-6f21800 elementor-hidden-tablet elementor-hidden-mobile e-flex e-con-boxed e-con e-child\" data-id=\"6f21800\" data-element_type=\"container\" data-settings=\"{&quot;background_background&quot;:&quot;video&quot;,&quot;background_video_link&quot;:&quot;https:\\\/\\\/www.youtube.com\\\/watch?v=rHwtXDZvr1w&amp;ab_channel=UlyssesCentrodeConven%C3%A7%C3%B5es&quot;}\">\n\t\t\t\t\t<div class=\"e-con-inner\">\n\t\t<div class=\"elementor-background-video-container elementor-hidden-phone\">\n\t\t\t\t\t\t\t<div class=\"elementor-background-video-embed\"><\/div>\n\t\t\t\t\t\t<\/div>\t\t\t<\/div>\n\t\t\t\t<\/div>\n\t\t\t\t\t<\/div>\n\t\t\t\t<\/div>\n\t\t\t\t\t<\/div>\n\t\t\t\t<\/div>\n\t\t<div data-particle_enable=\"false\" data-particle-mobile-disabled=\"false\" class=\"elementor-element elementor-element-250e23d e-flex e-con-boxed e-con e-parent\" data-id=\"250e23d\" data-element_type=\"container\" data-settings=\"{&quot;background_background&quot;:&quot;classic&quot;}\" data-core-v316-plus=\"true\">\n\t\t\t\t\t<div class=\"e-con-inner\">\n\t\t\t\t<div class=\"elementor-element elementor-element-910e225 elementor-widget-mobile__width-initial elementor-widget elementor-widget-heading\" data-id=\"910e225\" data-element_type=\"widget\" data-widget_type=\"heading.default\">\n\t\t\t\t<div class=\"elementor-widget-container\">\n\t\t\t<h2 class=\"elementor-heading-title elementor-size-default\">A programa\u00e7\u00e3o da feira re\u00fane <span style=\"font-weight:300;\">atividades e ambientes que proporcionam <\/span>conhecimento, networking, lazer e reflex\u00e3o\n<\/h2>\t\t<\/div>\n\t\t\t\t<\/div>\n\t\t<div data-particle_enable=\"false\" data-particle-mobile-disabled=\"false\" class=\"elementor-element elementor-element-37fa171 e-flex e-con-boxed e-con e-child\" data-id=\"37fa171\" data-element_type=\"container\">\n\t\t\t\t\t<div class=\"e-con-inner\">\n\t\t<div data-particle_enable=\"false\" data-particle-mobile-disabled=\"false\" class=\"elementor-element elementor-element-712bdf1 e-flex e-con-boxed e-con e-child\" data-id=\"712bdf1\" data-element_type=\"container\">\n\t\t\t\t\t<div class=\"e-con-inner\">\n\t\t\t\t<div class=\"elementor-element elementor-element-c6ded7d elementor-widget elementor-widget-heading\" data-id=\"c6ded7d\" data-element_type=\"widget\" data-widget_type=\"heading.default\">\n\t\t\t\t<div class=\"elementor-widget-container\">\n\t\t\t<h2 class=\"elementor-heading-title elementor-size-default\">III Health Tech Day<\/h2>\t\t<\/div>\n\t\t\t\t<\/div>\n\t\t\t\t<div class=\"elementor-element elementor-element-9807c76 elementor-widget elementor-widget-text-editor\" data-id=\"9807c76\" data-element_type=\"widget\" data-widget_type=\"text-editor.default\">\n\t\t\t\t<div class=\"elementor-widget-container\">\n\t\t\t\t\t\t\t<p>Uma oportunidade valiosa para startups do setor de sa\u00fade e afins apresentarem suas solu\u00e7\u00f5es e estabelecerem conex\u00f5es estrat\u00e9gicas para impulsionar seu desenvolvimento<\/p>\t\t\t\t\t\t<\/div>\n\t\t\t\t<\/div>\n\t\t\t\t\t<\/div>\n\t\t\t\t<\/div>\n\t\t<div data-particle_enable=\"false\" data-particle-mobile-disabled=\"false\" class=\"elementor-element elementor-element-89a1feb e-flex e-con-boxed e-con e-child\" data-id=\"89a1feb\" data-element_type=\"container\">\n\t\t\t\t\t<div class=\"e-con-inner\">\n\t\t\t\t<div class=\"elementor-element elementor-element-fa0763c elementor-widget elementor-widget-heading\" data-id=\"fa0763c\" data-element_type=\"widget\" data-widget_type=\"heading.default\">\n\t\t\t\t<div class=\"elementor-widget-container\">\n\t\t\t<h2 class=\"elementor-heading-title elementor-size-default\">Exposi\u00e7\u00e3o de c\u00e2nhamo\n<\/h2>\t\t<\/div>\n\t\t\t\t<\/div>\n\t\t\t\t<div class=\"elementor-element elementor-element-d04732a elementor-widget elementor-widget-text-editor\" data-id=\"d04732a\" data-element_type=\"widget\" data-widget_type=\"text-editor.default\">\n\t\t\t\t<div class=\"elementor-widget-container\">\n\t\t\t\t\t\t\t<p><span style=\"font-weight: 400;\">Uma exposi\u00e7\u00e3o imersiva sobre o c\u00e2nhamo, explorando suas aplica\u00e7\u00f5es sustent\u00e1veis na ind\u00fastria e seu impacto na sa\u00fade, tecnologia e meio ambiente.<\/span><\/p>\t\t\t\t\t\t<\/div>\n\t\t\t\t<\/div>\n\t\t\t\t\t<\/div>\n\t\t\t\t<\/div>\n\t\t\t\t\t<\/div>\n\t\t\t\t<\/div>\n\t\t<div data-particle_enable=\"false\" data-particle-mobile-disabled=\"false\" class=\"elementor-element elementor-element-9b96e74 e-flex e-con-boxed e-con e-child\" data-id=\"9b96e74\" data-element_type=\"container\">\n\t\t\t\t\t<div class=\"e-con-inner\">\n\t\t<div data-particle_enable=\"false\" data-particle-mobile-disabled=\"false\" class=\"elementor-element elementor-element-0971232 e-flex e-con-boxed e-con e-child\" data-id=\"0971232\" data-element_type=\"container\">\n\t\t\t\t\t<div class=\"e-con-inner\">\n\t\t\t\t<div class=\"elementor-element elementor-element-823b0c2 elementor-widget elementor-widget-heading\" data-id=\"823b0c2\" data-element_type=\"widget\" data-widget_type=\"heading.default\">\n\t\t\t\t<div class=\"elementor-widget-container\">\n\t\t\t<h2 class=\"elementor-heading-title elementor-size-default\">Lounge, espa\u00e7o instagram\u00e1vel e aqu\u00e1rio do videocast \u201cNasce Uma Ideia\u201d da Metr\u00f3poles\n<\/h2>\t\t<\/div>\n\t\t\t\t<\/div>\n\t\t\t\t\t<\/div>\n\t\t\t\t<\/div>\n\t\t<div data-particle_enable=\"false\" data-particle-mobile-disabled=\"false\" class=\"elementor-element elementor-element-4b3f892 e-flex e-con-boxed e-con e-child\" data-id=\"4b3f892\" data-element_type=\"container\">\n\t\t\t\t\t<div class=\"e-con-inner\">\n\t\t\t\t<div class=\"elementor-element elementor-element-3be4365 elementor-widget elementor-widget-heading\" data-id=\"3be4365\" data-element_type=\"widget\" data-widget_type=\"heading.default\">\n\t\t\t\t<div class=\"elementor-widget-container\">\n\t\t\t<h2 class=\"elementor-heading-title elementor-size-default\">Exposi\u00e7\u00e3o de Arte&Ci\u00eancia Corpos Poss\u00edveis: Entre Fun\u00e7\u00f5es e Sensa\u00e7\u00f5es<\/h2>\t\t<\/div>\n\t\t\t\t<\/div>\n\t\t\t\t<div class=\"elementor-element elementor-element-f5e9db0 elementor-widget elementor-widget-text-editor\" data-id=\"f5e9db0\" data-element_type=\"widget\" data-widget_type=\"text-editor.default\">\n\t\t\t\t<div class=\"elementor-widget-container\">\n\t\t\t\t\t\t\t<p>Ao unir a criatividade art\u00edstica com a objetividade cient\u00edfica, a mostra n\u00e3o apenas inspira a reflex\u00e3o sobre as interse\u00e7\u00f5es entre estas duas formas de cria\u00e7\u00e3o, mas tamb\u00e9m desafia as percep\u00e7\u00f5es convencionais sobre o mundo ao nosso redor. A combina\u00e7\u00e3o entre arte e ci\u00eancia tem o potencial de ampliar a compreens\u00e3o p\u00fablica de quest\u00f5es complexas, possibilitando uma abordagem m\u00faltipla para temas cient\u00edficos.<\/p>\t\t\t\t\t\t<\/div>\n\t\t\t\t<\/div>\n\t\t\t\t\t<\/div>\n\t\t\t\t<\/div>\n\t\t\t\t\t<\/div>\n\t\t\t\t<\/div>\n\t\t\t\t<div class=\"elementor-element elementor-element-b9bd245 elementor-widget-mobile__width-initial elementor-widget elementor-widget-heading\" data-id=\"b9bd245\" data-element_type=\"widget\" data-widget_type=\"heading.default\">\n\t\t\t\t<div class=\"elementor-widget-container\">\n\t\t\t<h2 class=\"elementor-heading-title elementor-size-default\">Uma verdadeira experi\u00eancia de <b>Ci\u00eancia, Tecnologia, Cultura e Informa\u00e7\u00e3o.<\/b><\/h2>\t\t<\/div>\n\t\t\t\t<\/div>\n\t\t\t\t<div class=\"elementor-element elementor-element-3944ff0 elementor-widget-mobile__width-initial elementor-widget elementor-widget-heading\" data-id=\"3944ff0\" data-element_type=\"widget\" data-widget_type=\"heading.default\">\n\t\t\t\t<div class=\"elementor-widget-container\">\n\t\t\t<h2 class=\"elementor-heading-title elementor-size-default\">\nTamb\u00e9m \u00e9 poss\u00edvel desfrutar da programa\u00e7\u00e3o de maneira on-line com uma imers\u00e3o ampla nos diferentes espa\u00e7os do evento e interagir com expositores atrav\u00e9s do Hall 3D (metaverso).\n<\/h2>\t\t<\/div>\n\t\t\t\t<\/div>\n\t\t\t\t<div class=\"elementor-element elementor-element-69382e8 elementor-widget elementor-widget-image\" data-id=\"69382e8\" data-element_type=\"widget\" data-widget_type=\"image.default\">\n\t\t\t\t<div class=\"elementor-widget-container\">\n\t\t\t<style>\/*! elementor - v3.20.0 - 11-03-2024 *\/\n.elementor-widget-image{text-align:center}.elementor-widget-image a{display:inline-block}.elementor-widget-image a img[src$=\".svg\"]{width:48px}.elementor-widget-image img{vertical-align:middle;display:inline-block}<\/style>\t\t\t\t\t\t\t\t\t\t<img fetchpriority=\"high\" decoding=\"async\" width=\"800\" height=\"342\" src=\"https:\/\/inovatecdf.com.br\/wp-content\/uploads\/2024\/03\/local-do-evento-1024x438.png\" class=\"attachment-large size-large wp-image-330\" alt=\"\" srcset=\"https:\/\/inovatecdf.com.br\/wp-content\/uploads\/2024\/03\/local-do-evento-1024x438.png 1024w, https:\/\/inovatecdf.com.br\/wp-content\/uploads\/2024\/03\/local-do-evento-300x128.png 300w, https:\/\/inovatecdf.com.br\/wp-content\/uploads\/2024\/03\/local-do-evento-768x329.png 768w, https:\/\/inovatecdf.com.br\/wp-content\/uploads\/2024\/03\/local-do-evento.png 1054w\" sizes=\"(max-width: 800px) 100vw, 800px\" \/>\t\t\t\t\t\t\t\t\t\t\t\t\t<\/div>\n\t\t\t\t<\/div>\n\t\t\t\t<div class=\"elementor-element elementor-element-645ad8b elementor-widget elementor-widget-heading\" data-id=\"645ad8b\" data-element_type=\"widget\" data-widget_type=\"heading.default\">\n\t\t\t\t<div class=\"elementor-widget-container\">\n\t\t\t<h2 class=\"elementor-heading-title elementor-size-default\">Inscri\u00e7\u00e3o <span style=\"color:white;\">GRATUITA!<\/span><\/h2>\t\t<\/div>\n\t\t\t\t<\/div>\n\t\t\t\t<div class=\"elementor-element elementor-element-5fc1f12 elementor-widget elementor-widget-tp-button\" data-id=\"5fc1f12\" data-element_type=\"widget\" data-widget_type=\"tp-button.default\">\n\t\t\t\t<div class=\"elementor-widget-container\">\n\t\t\t<div class=\"pt-plus-button-wrapper   text-center \"><div class=\"button_parallax \"><div id=\"button69e73d49abb36\"  class=\" text-center ts-button content_hover_effect  \" ><div class=\"pt_plus_button btn69e73d49abb31 button-style-11  hover-left   \"  ><div class=\"animted-content-inner \"><a href=\"https:\/\/inovatecdf.com.br\/index.php\/incricoes\/\" class=\"button-link-wrap \" role=\"button\" data-hover=\"Inscreva-se\"  ><span>Inscreva-se<i class=\"btn-icon button-after fa fa-chevron-right\"><\/i><\/span><\/a><\/div><\/div><\/div><\/div><\/div>\t\t<\/div>\n\t\t\t\t<\/div>\n\t\t\t\t\t<\/div>\n\t\t\t\t<\/div>\n\t\t<div data-particle_enable=\"false\" data-particle-mobile-disabled=\"false\" class=\"elementor-element elementor-element-a8416b6 e-flex e-con-boxed e-con e-parent\" data-id=\"a8416b6\" data-element_type=\"container\" data-core-v316-plus=\"true\">\n\t\t\t\t\t<div class=\"e-con-inner\">\n\t\t<div data-particle_enable=\"false\" data-particle-mobile-disabled=\"false\" class=\"elementor-element elementor-element-556722b e-flex e-con-boxed e-con e-child\" data-id=\"556722b\" data-element_type=\"container\">\n\t\t\t\t\t<div class=\"e-con-inner\">\n\t\t\t\t<div class=\"elementor-element elementor-element-8256818 elementor-widget elementor-widget-heading\" data-id=\"8256818\" data-element_type=\"widget\" data-widget_type=\"heading.default\">\n\t\t\t\t<div class=\"elementor-widget-container\">\n\t\t\t<h2 class=\"elementor-heading-title elementor-size-default\">Realiza\u00e7\u00e3o<\/h2>\t\t<\/div>\n\t\t\t\t<\/div>\n\t\t\t\t<div class=\"elementor-element elementor-element-10d6d40 elementor-widget elementor-widget-image\" data-id=\"10d6d40\" data-element_type=\"widget\" data-widget_type=\"image.default\">\n\t\t\t\t<div class=\"elementor-widget-container\">\n\t\t\t\t\t\t\t\t\t\t\t\t\t<img decoding=\"async\" width=\"375\" height=\"375\" src=\"https:\/\/inovatecdf.com.br\/wp-content\/uploads\/2024\/10\/REALIZACAO.jpeg\" class=\"attachment-large size-large wp-image-2143\" alt=\"\" srcset=\"https:\/\/inovatecdf.com.br\/wp-content\/uploads\/2024\/10\/REALIZACAO.jpeg 375w, https:\/\/inovatecdf.com.br\/wp-content\/uploads\/2024\/10\/REALIZACAO-300x300.jpeg 300w, https:\/\/inovatecdf.com.br\/wp-content\/uploads\/2024\/10\/REALIZACAO-150x150.jpeg 150w\" sizes=\"(max-width: 375px) 100vw, 375px\" \/>\t\t\t\t\t\t\t\t\t\t\t\t\t<\/div>\n\t\t\t\t<\/div>\n\t\t\t\t\t<\/div>\n\t\t\t\t<\/div>\n\t\t<div data-particle_enable=\"false\" data-particle-mobile-disabled=\"false\" class=\"elementor-element elementor-element-b6fd111 e-flex e-con-boxed e-con e-child\" data-id=\"b6fd111\" data-element_type=\"container\">\n\t\t\t\t\t<div class=\"e-con-inner\">\n\t\t\t\t<div class=\"elementor-element elementor-element-077617f elementor-widget elementor-widget-heading\" data-id=\"077617f\" data-element_type=\"widget\" data-widget_type=\"heading.default\">\n\t\t\t\t<div class=\"elementor-widget-container\">\n\t\t\t<h2 class=\"elementor-heading-title elementor-size-default\">Produ\u00e7\u00e3o<\/h2>\t\t<\/div>\n\t\t\t\t<\/div>\n\t\t\t\t<div class=\"elementor-element elementor-element-c6ed027 elementor-widget elementor-widget-image\" data-id=\"c6ed027\" data-element_type=\"widget\" data-widget_type=\"image.default\">\n\t\t\t\t<div class=\"elementor-widget-container\">\n\t\t\t\t\t\t\t\t\t\t\t\t\t<img decoding=\"async\" width=\"800\" height=\"293\" src=\"https:\/\/inovatecdf.com.br\/wp-content\/uploads\/2024\/03\/Logo-PeopleScience-v4-Rodrigo-Accioly-HORIZONTAL-19-06-22-com-efeito-nos-rostos-e1708090447928-1024x375.png\" class=\"attachment-large size-large wp-image-561\" alt=\"\" srcset=\"https:\/\/inovatecdf.com.br\/wp-content\/uploads\/2024\/03\/Logo-PeopleScience-v4-Rodrigo-Accioly-HORIZONTAL-19-06-22-com-efeito-nos-rostos-e1708090447928-1024x375.png 1024w, https:\/\/inovatecdf.com.br\/wp-content\/uploads\/2024\/03\/Logo-PeopleScience-v4-Rodrigo-Accioly-HORIZONTAL-19-06-22-com-efeito-nos-rostos-e1708090447928-300x110.png 300w, https:\/\/inovatecdf.com.br\/wp-content\/uploads\/2024\/03\/Logo-PeopleScience-v4-Rodrigo-Accioly-HORIZONTAL-19-06-22-com-efeito-nos-rostos-e1708090447928-768x281.png 768w, https:\/\/inovatecdf.com.br\/wp-content\/uploads\/2024\/03\/Logo-PeopleScience-v4-Rodrigo-Accioly-HORIZONTAL-19-06-22-com-efeito-nos-rostos-e1708090447928-1536x562.png 1536w, https:\/\/inovatecdf.com.br\/wp-content\/uploads\/2024\/03\/Logo-PeopleScience-v4-Rodrigo-Accioly-HORIZONTAL-19-06-22-com-efeito-nos-rostos-e1708090447928-2048x749.png 2048w\" sizes=\"(max-width: 800px) 100vw, 800px\" \/>\t\t\t\t\t\t\t\t\t\t\t\t\t<\/div>\n\t\t\t\t<\/div>\n\t\t\t\t\t<\/div>\n\t\t\t\t<\/div>\n\t\t\t\t\t<\/div>\n\t\t\t\t<\/div>\n\t\t\t\t<\/div>\n\t\t","protected":false},"excerpt":{"rendered":"<p>A Feira III FEIRA DE INOVA\u00c7\u00c3O TECNOL\u00d3GICA DO DISTRITO FEDERAL E VILA TECH BRAS\u00cdLIA S\u00e3o espa\u00e7os junto ao INOVATEC de exposi\u00e7\u00e3o de tecnologias, produtos, servi\u00e7os e neg\u00f3cios em diversas \u00e1reas da sa\u00fade e \u00e1reas transversais, com estandes de empresas e institui\u00e7\u00f5es de ensino e pesquisa, organiza\u00e7\u00f5es sociais, p\u00fablicas e privadas. Ser\u00e1 realizada na Ala Oeste [&hellip;]<\/p>\n","protected":false},"author":1,"featured_media":0,"parent":0,"menu_order":0,"comment_status":"closed","ping_status":"closed","template":"elementor_canvas","meta":{"footnotes":""},"class_list":["post-409","page","type-page","status-publish","hentry"],"_links":{"self":[{"href":"https:\/\/inovatecdf.com.br\/index.php\/wp-json\/wp\/v2\/pages\/409","targetHints":{"allow":["GET"]}}],"collection":[{"href":"https:\/\/inovatecdf.com.br\/index.php\/wp-json\/wp\/v2\/pages"}],"about":[{"href":"https:\/\/inovatecdf.com.br\/index.php\/wp-json\/wp\/v2\/types\/page"}],"author":[{"embeddable":true,"href":"https:\/\/inovatecdf.com.br\/index.php\/wp-json\/wp\/v2\/users\/1"}],"replies":[{"embeddable":true,"href":"https:\/\/inovatecdf.com.br\/index.php\/wp-json\/wp\/v2\/comments?post=409"}],"version-history":[{"count":79,"href":"https:\/\/inovatecdf.com.br\/index.php\/wp-json\/wp\/v2\/pages\/409\/revisions"}],"predecessor-version":[{"id":2146,"href":"https:\/\/inovatecdf.com.br\/index.php\/wp-json\/wp\/v2\/pages\/409\/revisions\/2146"}],"wp:attachment":[{"href":"https:\/\/inovatecdf.com.br\/index.php\/wp-json\/wp\/v2\/media?parent=409"}],"curies":[{"name":"wp","href":"https:\/\/api.w.org\/{rel}","templated":true}]}}